lculate the remainder when 21 is divided by u.
5
Suppose 934*r - 423 = 925*r. Let m = 98 + -37. Let g = m + -37. Calculate the remainder when r is divided by g.
23
Suppose 65 = 16*f - 415. Calculate the remainder when 176 is divided by f.
26
Let q(f) = 2*f**2 - f - 3. Let u be q(4). Let x = -16 + u. Calculate the remainder when x is divided by 3.
0
Suppose -55 = 5*g + 5*n, -2 + 16 = g - 4*n. Let v = -1 - g. Suppose -v*y - 25 = 3*c - 65, 0 = c - 5. What is the remainder when y is divided by 1?
0
Let f = -12 - -36. What is the remainder when -47*1/2*-4 is divided by -2*f/(-10)*(-2 + 7)?
22
Suppose -6*b - 5*k + 10 = -b, 5*b = -4*k + 11. Suppose 2*q - 16 = b*q. Let h = -13 - q. Calculate the remainder when 9 is divided by h.
0
Suppose 0 = -4*k - 5*v + 50, -3*v + 16 = 2*k - 5*v. Calculate the remainder when 64 is divided by k.
4
Suppose 0 = 4*i - i - 6. Calculate the remainder when 18 is divided by (i - -8)/(3 - (-3 + 4)).
3
Let r = 1009 + -930. Calculate the remainder when r is divided by 58.
21
Suppose 2*u - 34 = -0*u. Suppose 33 = 5*d - u. Suppose -2*a - 2*a = -76. What is the remainder when a is divided by d?
9
Suppose 2*q + 87 = 4*v - 3*q, 49 = 2*v + 3*q. What is the remainder when v is divided by 13?
10
Suppose 5*z + 284 = 984. Let r(j) = 11*j**2 - j + 2. What is the remainder when z is divided by r(-2)?
44
Let x = 10 - 6. Suppose 2*p - x*p = -84. Calculate the remainder when p is divided by 167/11 - 10/55.
12
Let w = -8 + 16. Suppose w*l - 10*l = -32. Let a(s) = s**3 - s**2 + 9. What is the remainder when l is divided by a(0)?
7
Suppose -12 = -5*s - 2*x + 65, 5*s = -5*x + 65. Calculate the remainder when 47 is divided by s.
13
Let k(b) = -6*b - 3 - 5 + 1 - 2 + b**2. What is the remainder when 41 is divided by k(8)?
6
Suppose 7 = -0*r + 7*r. What is the remainder when 73 is divided by (-60)/(-3) + 0 - r?
16
Let l = 163 - -196. What is the remainder when l is divided by 117?
8
Suppose 5*p + z - 109 - 386 = 0, 0 = -5*p + 2*z + 480. What is the remainder when 109 is divided by p?
11
What is the remainder when 159 is divided by (-100)/(-40) - (-9)/6?
3
Let w = 695 - 474. Let n = w + 79. What is the remainder when (-2)/(n/76 - 4) is divided by 13?
12
Let x(w) = 33*w**2 - 7*w - 1. What is the remainder when 67 is divided by x(-1)?
28
Suppose -3*w + 5*w - 28 = -4*s, -6*w = -3*s - 99. Calculate the remainder when 50 is divided by w.
2
What is the remainder when 197 is divided by (-496)/(-5) - 11*(-5)/(-275)?
98
Suppose -d + 72 = 5*d. Suppose 4*u = -2*l, 0*l = 3*l + 3*u - d. Calculate the remainder when l is divided by 3.
2
Suppose 0 = -5*w + f + 64, 0*w = -4*w - 3*f + 36. Let p = w - 5. Calculate the remainder when p is divided by 9 - ((-2)/1 - -5).
1
Let s = 495 + -368. Calculate the remainder when s is divided by (0 + -1)*(-1 + -25).
23
Suppose -3*l = 4*n - 2*l - 14, -3*l = -6. Suppose -146 = z - n*z. What is the remainder when z is divided by 25?
23
Let r(d) = -2*d + 3. Let z be r(2). What is the remainder when (154 - -5)*z/(-9)*3 is divided by 11?
9
Suppose -2*n = -71 - 35. Let d(k) = 20*k**3 - 4*k**2 + 3. What is the remainder when n is divided by d(1)?
15
Suppose -5*l = -15, -4*l - 110 - 56 = -m. What is the remainder when m is divided by 6?
4
Let i be 1/4 + (-270)/(-72). Suppose 0 = -3*t - 5*d + 32, -i*t + 37 = -0*d + d. What is the remainder when 61 is divided by (6/t)/(1/24)?
13
Suppose 2*o = 5*o - 2*z - 199, -130 = -2*o + 2*z. Let a(p) = -p**3 + 60*p**2 + 260*p - 221. What is the remainder when o is divided by a(64)?
34
Let i(k) = k**2 - 2*k - 1. Let v = 9 + -10. Let h be i(v). Calculate the remainder when 48 is divided by 126/10 - h/(-5).
9
Suppose 0 = -4*q + 204 + 940. What is the remainder when q is divided by 36?
34
Suppose 0 = 3*i - 5*i + 10. What is the remainder when 31 is divided by i?
1
Let h be (3/(-6))/((-4)/48). Let x(y) = -y**2 + 12*y - 9. Calculate the remainder when x(10) is divided by (-2)/h + (-19)/(-3).
5
Let t be (3 + (-42)/(-12))*26. Let q = 221 - t. Calculate the remainder when q is divided by 8.
4
Suppose -5*j = 5*o - 60, 3*o + 3*j + 36 = 6*o. Let n = -13 - -7. Let t(r) = r**2 + 3*r + 4. Calculate the remainder when t(n) is divided by o.
10
Let n be (1 - 0)/(3 - 15816/5274). Suppose 0*k - k + 882 = 5*m, -5*m - 2*k + n = 0. Calculate the remainder when m is divided by 45.
42
Let f = 31 + -30. Suppose 4*w - 80 = 2*a, 4*a - 28 - f = -w. What is the remainder when w is divided by 11?
10
Suppose 0 = -99*i + 1506 + 2355. Calculate the remainder when i is divided by 1*(14 - -1) - 1.
11
Suppose 0 = -4*v - 4*l + 13261 - 1089, 5*v - 15187 = 2*l. Calculate the remainder when v is divided by 152.
151
Let o = 215 + -211. Calculate the remainder when 25 is divided by o.
1
Let i(s) = s**2 - 13*s + 2. Let h be i(15). Suppose h = -6*v + 10*v. What is the remainder when 9 is divided by v?
1
Let t = 107 + -58. Calculate the remainder when 27/(-18)*1544/(-12) is divided by t.
46
Suppose -3*p + 5*p = -6. Let i be p*(10/(-3) - 0). Calculate the remainder when (-972)/(-21) + i/(-35) is divided by 12.
10
What is the remainder when 147 is divided by (-6 + 1 + 7)*33?
15
Let x be (-6)/(-3) - -3 - 0. Suppose -f = -x*f - 8. Let w(s) = -4*s**3 - 2*s - 3. Calculate the remainder when w(f) is divided by 17.
16
Calculate the remainder when 2/13 - 190638/(-1989) is divided by 6.
0
Let d = -315 + 398. Suppose 8 = 3*r - 43. Calculate the remainder when d is divided by r.
15
Let s = -560 + 647. Calculate the remainder when 160 is divided by s.
73
Suppose -4*u = -790 + 246. Suppose 593 = 9*w - u. What is the remainder when w is divided by 22?
15
Suppose a + w = 88, 4*w + 327 = 4*a - 25. Suppose -32 = -i - 2*t + 5*t, 4*i - 4*t - a = 0. Calculate the remainder when 47 is divided by i.
13
Suppose -2*d = 3*t + 9, -2*d - 6*t = -t + 19. What is the remainder when 67 is divided by d?
1
Calculate the remainder when (-1188)/(-14) - (-2)/14 is divided by 8.
5
Let w be 4 + 3/6*48. Suppose 65*h = 61*h + w. Let a(p) = 2*p**2 + 8*p - 4. What is the remainder when a(-6) is divided by h?
6
Let m(f) = -f + 11. Let c be m(9). Suppose -2*u - c*w + 60 = 0, -u - w = 2*u - 90. What is the remainder when 116 is divided by u?
26
Suppose -2*p - 3 = -11. Suppose 9*m = 8*m + p. Calculate the remainder when 16 is divided by m.
0
Let g(h) = 99*h - 1352. Suppose -2*t + 4*t = -2*k + 26, 2*k + t - 25 = 0. Calculate the remainder when g(14) is divided by k.
10
What is the remainder when 1007 is divided by 4/(-20) - (1288/(-40) - 10)?
41
Let c = -108 - -112. Suppose 2*i + 2*o = 18 - 4, 0 = c*o - 12. Calculate the remainder when 10 - 2 - (-2 + 1) is divided by i.
1
Let o(y) = 68*y**2 - 2*y + 1. Let l be o(1). Suppose -332 = -5*m - l. Calculate the remainder when m is divided by 14.
11
Let c = -12 + 12. Suppose 0 = -c*f + 3*f - 15. Suppose -r = 2, f*k + 0*r - 40 = 5*r. Calculate the remainder when 22 is divided by k.
4
Suppose 4*x + 4*d - 214 = -26, 2*d = x - 44. What is the remainder when 227 is divided by x?
43
Suppose 2 = w - 1. Suppose 32 = 2*f - t + w*t, -4*f + 2*t = -76. Calculate the remainder when 34 is divided by f.
16
Suppose -i + 6*i - 20 = 0. Suppose -i*m = 4*o - 148, -4*o + 2*m - 194 = -9*o. What is the remainder when o is divided by (7/21)/((-1)/(-63))?
19
Suppose -19*x = -13*x - 30. What is the remainder when 42 is divided by x?
2
Suppose -4*a + 17 + 15 = 0. Suppose z = -2*u + 12, u + 29 = 2*z - 20. Calculate the remainder when z is divided by a.
6
Let b(m) = 88*m - 13. Let v be b(3). Suppose -3*i + 5*q + v = 4*q, -4*i - 5*q + 322 = 0. What is the remainder when i is divided by 25?
8
Let d(o) = 18*o - 135. Calculate the remainder when d(16) is divided by 14.
13
Let o = 32 - -57. Suppose 0 = -3*d - i + o, 6 - 4 = i. What is the remainder when 172 is divided by d?
27
Let n = 2560 - 2558. Suppose -4*x = 97 + 107. Calculate the remainder when 4/(-10) - x/15 is divided by n.
1
Let o(h) = 36*h + 28. Calculate the remainder when o(7) is divided by 47.
45
Let q = -238 - -267. What is the remainder when 38 is divided by q?
9
Let p = 386 - 384. Calculate the remainder when p is divided by 2.
0
Let m = 187 - 98. Let p = m - 14. Calculate the remainder when p is divided by 13.
10
Suppose 2 = 2*f - 0*f. Suppose -1 = -3*x - 4*r, 4*x - x + f = -5*r. Calculate the remainder when 8 is div